nvert 2 (base 9) to base 2.
10
3 (base 12) to base 3
10
Convert 5 (base 16) to base 4.
11
Convert 3 (base 16) to base 13.
3
3 (base 8) to base 7
3
-3 (base 13) to base 5
-3
-4 (base 7) to base 3
-11
Convert 4 (base 16) to base 13.
4
What is 6b (base 15) in base 6?
245
What is 18 (base 13) in base 11?
1a
What is -5 (base 14) in base 6?
-5
Convert -101 (base 2) to base 9.
-5
-25 (base 9) to base 13
-1a
What is -17 (base 13) in base 15?
-15
What is -232 (base 7) in base 9?
-144
What is 11 (base 8) in base 4?
21
28 (base 15) to base 6
102
Convert -123 (base 4) to base 5.
-102
-112 (base 8) to base 12
-62
Convert -3 (base 4) to base 10.
-3
Convert 1 (base 9) to base 14.
1
Convert 11022 (base 3) to base 9.
138
-1112 (base 5) to base 8
-235
-14 (base 12) to base 9
-17
Convert -203 (base 7) to base 16.
-65
What is -53 (base 11) in base 4?
-322
3 (base 15) to base 4
3
3 (base 15) to base 10
3
Convert 32 (base 15) to base 6.
115
17 (base 8) to base 11
14
-13 (base 15) to base 8
-22
-66 (base 16) to base 6
-250
Convert 0 (base 2) to base 8.
0
What is 4 (base 10) in base 5?
4
What is 16b (base 13) in base 16?
102
Convert -7 (base 15) to base 5.
-12
Convert 1a (base 15) to base 4.
121
Convert 2d (base 14) to base 16.
29
Convert -20 (base 4) to base 3.
-22
What is -32 (base 6) in base 13?
-17
Convert 535 (base 6) to base 2.
11001011
-1102 (base 3) to base 8
-46
Convert -4 (base 15) to base 12.
-4
0 (base 11) to base 14
0
What is 8 (base 10) in base 11?
8
Convert -98 (base 16) to base 3.
-12122
Convert -10 (base 11) to base 14.
-b
What is 0 (base 8) in base 14?
0
Convert 51 (base 11) to base 2.
111000
32 (base 14) to base 9
48
-62 (base 9) to base 4
-320
Convert -114 (base 7) to base 14.
-44
11110 (base 2) to base 5
110
-3 (base 7) to base 16
-3
-100 (base 2) to base 9
-4
What is -6 (base 15) in base 5?
-11
What is -24 (base 5) in base 8?
-16
Convert 107 (base 12) to base 7.
304
Convert 52 (base 11) to base 8.
71
Convert -10 (base 7) to base 14.
-7
What is 11 (base 6) in base 8?
7
Convert -1110 (base 4) to base 6.
-220
What is -21 (base 6) in base 9?
-14
Convert 2030 (base 5) to base 3.
100211
Convert -101 (base 4) to base 3.
-122
What is -10012 (base 3) in base 16?
-56
Convert 3 (base 6) to base 11.
3
Convert 1 (base 4) to base 16.
1
What is 36 (base 8) in base 2?
11110
Convert 0 (base 8) to base 11.
0
What is 1 (base 14) in base 5?
1
Convert -101 (base 6) to base 3.
-1101
What is 3 (base 16) in base 15?
3
What is 30 (base 9) in base 13?
21
-1022 (base 3) to base 16
-23
-14 (base 16) to base 9
-22
2 (base 14) to base 12
2
80 (base 13) to base 4
1220
Convert 0 (base 11) to base 16.
0
1111 (base 4) to base 2
1010101
Convert -3 (base 13) to base 6.
-3
What is -128 (base 10) in base 14?
-92
What is 12 (base 3) in base 6?
5
Convert 2 (base 10) to base 14.
2
-109 (base 15) to base 8
-352
What is 212 (base 3) in base 6?
35
What is 11 (base 16) in base 11?
16
24 (base 9) to base 2
10110
-11 (base 14) to base 10
-15
Convert -a (base 12) to base 2.
-1010
Convert 299 (base 10) to base 12.
20b
-1010110 (base 2) to base 10
-86
What is -1010000 (base 2) in base 6?
-212
Convert 3b (base 12) to base 10.
47
10 (base 3) to base 16
3
314 (base 5) to base 4
1110
Convert 10 (base 14) to base 10.
14
24 (base 12) to base 15
1d
What is 350 (base 7) in base 6?
502
Convert -215 (base 10) to base 5.
-1330
1 (base 8) to base 5
1
What is 13 (base 8) in base 6?
15
-5 (base 8) to base 12
-5
Convert -1000 (base 5) to base 13.
-98
What is -2b (base 14) in base 12?
-33
What is 1 (base 3) in base 16?
1
Convert 0 (base 9) to base 3.
0
Convert 0 (base 16) to base 4.
0
What is 6 (base 9) in base 6?
10
a6 (base 11) to base 10
116
-1000101 (base 2) to base 5
-234
What is 10 (base 3) in base 13?
3
What is 12 (base 3) in base 12?
5
Convert 1c (base 14) to base 13.
20
12 (base 5) to base 3
21
Convert 1205 (base 6) to base 15.
148
Convert -1112 (base 4) to base 6.
-222
What is -11 (base 9) in base 14?
-a
What is -10 (base 10) in base 4?
-22
Convert 353 (base 10) to base 12.
255
-95 (base 16) to base 9
-175
Convert -2 (base 6) to base 9.
-2
What is 1 (base 3) in base 8?
1
Convert 2 (base 5) to base 8.
2
-12 (base 9) to base 3
-102
44 (base 5) to base 16
18
19 (base 16) to base 6
41
Convert -12 (base 12) to base 4.
-32
What is 10231 (base 4) in base 11?
254
What is 7 (base 14) in base 10?
7
What is -2 (base 13) in base 4?
-2
1 (base 7) to base 8
1
Convert -102 (base 3) to base 10.
-11
Convert 8 (base 15) to base 3.
22
Convert -102 (base 7) to base 15.
-36
Convert -26 (base 13) to base 6.
-52
1001001 (base 2) to base 10
73
Convert d (base 16) to base 11.
12
-2 (base 16) to base 13
-2
What is 13 (base 5) in base 10?
8
Convert 3 (base 16) to base 3.
10
What is -2 (base 7) in base 12?
-2
Convert -3 (base 7) to base 8.
-3
What is 1 (base 4) in base 12?
1
Convert -21112 (base 3) to base 11.
-175
What is -6 (base 11) in base 13?
-6
What is -24 (base 10) in base 14?
-1a
-1111 (base 3) to base 7
-55
What is -22 (base 5) in base 8?
-14
20 (base 3) to base 16
6
Convert 2013 (base 4) to base 6.
343
What is 11 (base 3) in base 7?
4
Convert -7 (base 9) to base 11.
-7
Convert -3 (base 13) to base 4.
-3
What is -1000 (base 2) in base 15?
-8
20 (base 4) to base 7
11
1133 (base 5) to base 16
a8
Convert -102 (base 3) to base 7.
-14
52 (base 10) to base 14
3a
171 (base 8) to base 3
11111
What is 100 (base 3) in base 15?
9
Convert 3a (base 16) to base 7.
112
-52 (base 16) to base 10
-82
-2 (base 11) to base 10
-2
Convert 2011 (base 3) to base 14.
42
-39 (base 13) to base 5
-143
Convert -47 (base 13) to base 4.
-323
Convert 3 (base 5) to base 2.
11
What is 2 (base 14) in base 10?
2
-34 (base 9) to base 10
-31
18 (base 16) to base 5
44
-a (base 16) to base 12
-a
-10 (base 3) to base 16
-3
-6 (base 14) to base 4
-12
24 (base 8) to base 3
202
Convert -157 (base 15) to base 14.
-17d
What is 11 (base 5) in base 16?
6
-2 (base 10) to base 5
-2
52 (base 6) to base 11
2a
What is 23 (base 12) in base 9?
30
16 (base 8) to base 13
11
What is -7 (base 13) in base 11?
-7
Convert -27 (base 12) to base 13.
-25
1110011 (base 2) to base 6
311
What is 114 (base 11) in base 16?
88
Convert -10110 (base 2) to base 11.
-20
-6 (base 8) to base 16
-6
What is 131 (base 6) in base 4?
313
-5 (base 7) to base 11
-5
What is -6 (base 13) in base 4?
-12
-101 (base 2) to base 5
-10
What is -2 (base 4) in base 12?
-2
32 (base 4) to base 2
1110
Convert 8 (base 16) to base 14.
8
What is 3 (base 12) in base 7?
3
Convert 41 (base 5) to base 9.
23
-21 (base 6) to base 15
-d
-100001111 (base 2) to base 9
-331
What is -56 (base 8) in base 13?
-37
Convert -2 (base 10) to base 16.
-2
What is -1011001 (base 2) in base 13?
-6b
-15 (base 15) to base 2
-10100
What is 0 (base 15) in base 5?
0
43 (base 5) to base 12
1b
-a0 (base 13) to base 14
-94
What is -76 (base 10) in base 12?
-64
Convert 334 (base 5) to base 6.
234
What is -24 (base 15) in base 13?
-28
22 (base 12) to base 2
11010
Convert -d (base 16) to base 10.
-13
-1 (base 3) to base 2
-1
Convert 22 (base 3) to base 12.
8
Convert -51 (base 7) to base 2.
-100100
-123 (base 7) to base 15
-46
What is -1 (base 14) in base 15?
-1
3 (base 6) to base 7
3
Convert 3 (base 5) to base 8.
3
Convert 5 (base 12) to base 8.
5
-b (base 13) to base 11
-10
-c (base 16) to base 14
-c
Convert 1 (base 3) to base 11.
1
-12 (base 8) to base 13
-a
Convert -3 (base 8) to base 4.
-3
What is 91 (base 10) in base 6?
231
-21 (base 6) to base 12
-11
What is -1000 (base 2) in base 9?
-8
-20 (base 10) to base 13
-17
Convert -14 (base 7) to base 3.
-102
Convert 134 (base 6) to base 12.
4a
Convert -6b (base 12) to base 15.
-58
Convert -b3 (base 15) to base 10.
-168
Convert 10 (base 3) to base 9.
3
What is -27 (base 11) in base 5?
-104
Convert -40 (base 7) to base 15.
-1d
What is -1 (base 4) in base 8?
-1
What is 66 (base 16) in base 9?
123
What is -110001 (base 2) in base 16?
-31
1122 (base 3) to base 16
2c
Convert 2 (base 4) to base 12.
2
Convert -7 (base 16) to base 7.
-10
What is 2 (base 10) in base 4?
2
Convert 10 (base 3) to base 10.
3
What is 4 (base 9) in base 4?
10
What is 1 (base 9) in base 15?
1
What is -110110 (base 2) in base 13?
-42
What is -31 (base 12) in base 8?
-45
Convert 8 (base 16) to base 5.
13
-25 (base 7) to base 12
-1